 j and w?
15
Suppose 9 = -4*h + 25. Suppose h*o = -16, 3*m = -3*o + 233 + 313. Suppose 3*f - 31 = 3*q - 211, 3*q - m = f. What is the greatest common factor of 9 and q?
9
Let x = 59 - 31. Suppose -d + 52 = -x. Calculate the greatest common factor of 16 and d.
16
Let q be -5 + 9 + 18/(-3 + 6). Suppose w + 50 = 6*w. What is the highest common divisor of w and q?
10
Suppose -5*r + 17 = 2, -r = 3*o - 57. Let d be (24/28)/(3/21). What is the highest common divisor of o and d?
6
Let p be (2/4)/((-2)/(-52)). Let y(w) = 7*w**2 + w. Let u be y(-2). What is the greatest common divisor of p and u?
13
Suppose 5*s = 4*m - 5 - 5, 23 = 3*m + 4*s. Let x(p) = m - 5 - 6*p. Let d be x(-2). What is the greatest common factor of 4 and d?
4
Suppose 3*k - 6*k - 25 = -5*n, 2*n = 2*k + 6. Let f(m) = 9*m**2 + 8 + 0*m**3 + m**3 - 2*m**3. Let w be f(n). Calculate the greatest common divisor of w and 8.
8
Let b = 43 + -31. Calculate the greatest common factor of 4 and b.
4
Let q be 1 + ((-195)/(-1) - 1). Calculate the highest common divisor of 15 and q.
15
Suppose -3*w = 71 - 233. Calculate the greatest common divisor of 18 and w.
18
Let i be (1/2)/(7/84). Let j(s) = 2*s. Let b be j(i). What is the greatest common divisor of b and 132?
12
Let s(w) = -w**3 - 3*w**2 - 6*w - 3. Let t be s(-5). Let b be (-2 - -12) + -2 + -1. Calculate the highest common factor of b and t.
7
Suppose 2*u - u - 5 = -5*g, -5*g = -5*u + 55. Let r be (-1 - -5) + -1 + 1. Calculate the highest common factor of r and u.
2
Let h(v) = -v + 2. Let d be h(0). Suppose 5*w = 0, 0*k + 3*k + d*w - 189 = 0. Suppose -z - 3 = -k. Calculate the highest common factor of z and 12.
12
Let n be (4/(-10))/((-8)/280). Calculate the greatest common divisor of n and 7.
7
Let i = -14 - -4. Let a be (-6)/(3 - (-33)/i). What is the highest common factor of 10 and a?
10
Let j be ((-16 - -3) + 2)*-1. Suppose 5*z - 264 = -z. What is the highest common factor of j and z?
11
Suppose -22*k + 30 = -16*k. What is the highest common divisor of 20 and k?
5
Suppose m - 15 = -0*m. Let p(f) = 48*f**2 + 0*f + f + 26*f**2 + 0*f. Let r be p(1). What is the greatest common divisor of m and r?
15
Let o = 7 + 0. Suppose o = h + 2. Suppose -5*l + 21 = -h*z - 34, 3*l - 5*z = 31. What is the highest common divisor of l and 96?
12
Let g be (-40)/4*(96/(-20))/6. Calculate the greatest common factor of g and 8.
8
Let w be (-2)/(-4 + (-32)/(-4))*-448. What is the highest common divisor of 32 and w?
32
Let i(g) = -g**2 + 14*g - 3. Let o be i(12). Let v be 44/3 + 22/(-33). Calculate the highest common divisor of v and o.
7
Suppose 12 = r - 83. Let m be 0 - (-1)/((-1)/r). Let t = -5 - m. What is the greatest common factor of 36 and t?
18
Let p(m) = -m**3 - 6*m**2 + m + 8. Let r be p(-6). Suppose r*y = 5*c + 17 - 1, -3*y - c + 24 = 0. Calculate the greatest common factor of y and 20.
4
Suppose j + 48 = 4*h + 3*j, 0 = -2*h + 5*j. Calculate the highest common factor of h and 5.
5
Suppose -w = 2*b, 4*w - b + 4*b - 15 = 0. What is the greatest common divisor of 66 and w?
6
Suppose 0 = 4*h + h + 20. Let n = 14 + h. Calculate the greatest common factor of n and 110.
10
Suppose 0 = 5*n - 2*a - 34, -3*n - n - 5*a + 47 = 0. Let f(w) = -2*w**3 - 3*w - 2. Let q be f(-2). What is the greatest common factor of q and n?
4
Let a be (2 + (-4 - -3))*135. What is the highest common factor of a and 54?
27
Let u = 5 + 6. Suppose -4*v + 3*m - 9 = 0, -5*m - 1 - 36 = 2*v. Let g(z) = -20*z + 1. Let n be g(v). What is the greatest common factor of u and n?
11
Let c be 4 - -5 - (-1 + -1 + 0). Let h = -1 + 2. What is the highest common factor of c and h?
1
Let m = 10 - 0. Let g(r) be the first derivative of 17*r**2/2 - 4*r + 4. Let t be g(2). Calculate the greatest common factor of t and m.
10
Suppose -3*l = -3*z + l - 16, -z - 14 = 3*l. Let q(i) = i**2 + 8*i + 1. Let o be q(z). What is the greatest common factor of 8 and o?
1
Suppose 16 = -2*d + 4*d. Let p be ((-2)/((-8)/(-12)))/(-1). Let b(o) = 2*o**3 - 4*o**2 - 2*o + 4. Let k be b(p). Calculate the highest common factor of k and d.
8
Let v(w) = 18*w + 20. Let f be v(9). Calculate the greatest common divisor of f and 26.
26
Let k(x) = -x**3 + 6*x**2 - 4*x - 2. Let h be k(5). Let g(q) = -q**h - q - 5 + 4*q + 8*q**2 + 1. Let z be g(7). What is the greatest common divisor of 6 and z?
6
Let v(g) = -2*g**3 - 16*g**2 - 10*g - 12. Let y be v(-9). What is the greatest common factor of y and 30?
30
Let b be 3 - (-5 - 42)*1. What is the greatest common factor of b and 10?
10
Let i be 3/(2/(24/9)). Suppose i*s = s + 12. Calculate the highest common factor of 4 and s.
4
Let u be 2*((-4)/(-22) + (-2888)/(-88)). Let n = 12 - 6. Calculate the greatest common divisor of n and u.
6
Let d be (3/6)/(4/280). What is the highest common factor of 35 and d?
35
Let t be ((-6)/9)/(1/(-3)). Let n = 32 + -10. Calculate the greatest common divisor of t and n.
2
Let m = 20 - 11. Let d be 49 + 0/(-1) - 4. Calculate the highest common factor of d and m.
9
Let g = -10 + 5. Let s be g*((-8)/(-5) - 2). Let k = 4 + -3. What is the highest common divisor of s and k?
1
Let y be 39 + 5/(-10)*10. What is the greatest common factor of 2 and y?
2
Let f(z) = -z**3 - 3 + 2*z**3 + 4*z**2 + 0*z**3 + 7*z**2 - z. Let r be f(-11). Calculate the greatest common divisor of r and 40.
8
Let k(l) = l - 7. Let c be k(6). Let r be (1 - 1)*1 - c. Calculate the highest common divisor of 5 and r.
1
Let t = 428 - 263. What is the highest common divisor of t and 15?
15
Suppose -k + 15 = 3*x, -4*k + 76 = 2*x - 24. Calculate the highest common divisor of 189 and k.
27
Suppose -5*n + 3*d + 10 = -d, 2*n - 2*d - 4 = 0. Suppose -3*j + 9 = -9. Calculate the highest common factor of n and j.
2
Let s(m) be the third derivative of -m**4/4 - m**3 + m**2. Let k be 8/20 + 54/(-10). Let v be s(k). What is the greatest common divisor of 3 and v?
3
Let i(a) = -a**3 - a**2 - 4*a - 6. Let j be i(-4). Suppose -p = 7 - j. Let z = p - 23. Calculate the greatest common divisor of z and 42.
14
Let g(i) be the third derivative of -i**6/120 + 2*i**5/15 + i**4/2 - 4*i**3/3 + i**2. Let a be g(9). What is the highest common factor of a and 171?
19
Let p(n) = n**3 + 4*n**2 + n + 1. Let v be p(-4). Let o be 2/(-4*(-3)/90). Let g = o + v. Calculate the highest common divisor of g and 60.
12
Let u be (-3)/((-24)/34)*12. Let b = u - 31. Suppose 2*c = -3*c + b. What is the highest common divisor of 20 and c?
4
Let b = 4 + 0. Let n(f) = -f**3 + 3*f**2 + 4*f + 4. Let w be n(b). Let y = w + 3. Calculate the greatest common divisor of 49 and y.
7
Let l(w) = w**3 - 6*w**2 - 4*w - 6. Let s be l(7). Suppose 0*g = -3*g + s. What is the highest common divisor of g and 20?
5
Let i be (2/(-6))/((-3)/81). What is the highest common divisor of 18 and i?
9
Let b(p) = 398*p - 2. Let t be b(1). Calculate the greatest common factor of 44 and t.
44
Let j be -4*(-33 + 3)*1. What is the greatest common divisor of 15 and j?
15
Let b be (-2848)/(-80) - 2/(-5). What is the greatest common factor of 9 and b?
9
Let h = -1 + 2. Let o = 7 - h. Calculate the greatest common divisor of o and 24.
6
Let r be 2 + -1*2*1. Suppose r = x + 2*z + 4, 0*z = -3*x + z + 9. Let y be x*2/((-4)/(-13)). What is the highest common factor of 13 and y?
13
Let j = -14 - -18. Let s be 9/11 + j/22. What is the highest common factor of 11 and s?
1
Let s(t) = -22*t - 22 + 6 + 16. Let g be s(-1). What is the highest common divisor of g and 154?
22
Let f = 34 + -27. Calculate the greatest common factor of f and 1.
1
Let r = -68 + 149. Suppose 4*b + 27 = 7*b. Calculate the greatest common factor of b and r.
9
Let v = -247 - -172. Let p be 0 - (2 - v/(-3)). What is the greatest common factor of p and 207?
23
Let d = -45 - -47. What is the greatest common factor of 2 and d?
2
Suppose g + 3*w - w = -8, 22 = -5*g - 4*w. Let p be 2 - -2 - g/1. Let c = 106 - 58. Calculate the highest common factor of p and c.
6
Let u be 2/4 + 318/4. Let m = u - 44. Suppose 4*q - 26 - 46 = 0. Calculate the highest common factor of m and q.
18
Let d = 3 - 4. Let q be d/(1*(-2)/(-2)). Let r = q - -8. Calculate the highest common factor of r and 1.
1
Let n = -8 + 16. Let o(d) = -2*d**2. Let k be o(-1). Let i be (k - -1 - -1) + 24. What is the greatest common factor of n and i?
8
Suppose -120 = -